
Suppose 5*s + 20 = 0, -z = -1028*s + 1024*s - 618. Let l be (1 - -6)*2/1. What is the highest common divisor of l and z?
14
Let k be 10782/45 - 1*2/(-5). Let b = 2641 - 2626. What is the greatest common divisor of b and k?
15
Suppose 2*d - n = 2876, 3*d - 25*n - 4262 = -30*n. Calculate the highest common divisor of 18 and d.
6
Suppose -13*q = -83 + 18. Suppose s - q - 3 = -4*m, -5*m + s = -1. What is the greatest common divisor of m and 11?
1
Let g = 231 + -172. Suppose -4*l = 4*q - 604, 412 = 3*q - 3*l - g. Calculate the highest common factor of 22 and q.
22
Let i be -5 - (5 - (-73)/(4 - 5)). Let x = i + -33. What is the greatest common divisor of x and 130?
10
Suppose 3299*q - 3350*q = -10608. What is the highest common factor of 1404 and q?
52
Suppose 27788 = 27*y - 169369 - 417876. What is the highest common factor of y and 18?
9
Let q = -4017 - -5877. Suppose 0 = 5*j + 25*j - q. What is the greatest common divisor of j and 527?
31
Suppose -64*b + 2469 = -1371. What is the greatest common divisor of b and 28380?
60
Let a(g) = 38*g + 43. Let u be a(8). Let k = 356 - u. What is the greatest common divisor of k and 27?
9
Suppose 3*a - 42 = -3*p, 3*a = 6*a - 3*p - 42. Suppose 12*r + 24 = 18*r. Let j be 14/(r/(-7)*14/(-12)). Calculate the greatest common divisor of a and j.
7
Let f be 1/(-2) - 9/(-36)*3258. Suppose 0 = -0*r + 11*r + f. Let w = -29 - r. Calculate the greatest common factor of w and 45.
45
Suppose -2*x = -4*x - 582. Let l = x - -207. Let q = l - -97. What is the greatest common factor of 13 and q?
13
Let y = 39 + -4. Let a(b) = 2*b + 8*b - 19 - 7 + 1. Let j be a(34). Calculate the greatest common factor of y and j.
35
Let f be -9*(1/14 + (-13157)/9366). Let a be (1 - -2)/(3/10). Calculate the highest common factor of a and f.
2
Let x = 3620 + -3604. Calculate the highest common factor of x and 52.
4
Let s be (1/(4/(-6)))/((-2)/4). Let h be (s/9)/((-2)/(-2046)). Suppose -3*f = -5*n - 0*f + h, 2*n + 2*f = 146. What is the greatest common divisor of 28 and n?
14
Let h(i) = 102*i + 2298. Let j be h(-18). What is the greatest common divisor of j and 210?
42
Suppose b = -120*h + 119*h + 1157, h = -4*b + 4649. What is the highest common factor of 7857 and b?
291
Let b = -143 - -314. Calculate the greatest common factor of 12711 and b.
57
Let u(b) = b**2 - 2*b + 3. Let t be u(4). Let o = -782 + 791. Suppose 4*j = -2*g + o*j + 208, 194 = 2*g + 2*j. Calculate the highest common factor of t and g.
11
Suppose 186 - 6 = 10*m. Suppose h = m + 72. Calculate the highest common factor of 54 and h.
18
Suppose -5*y - 15 = 0, 5*o - 4471 = 3*o + 5*y. What is the highest common factor of o and 4?
4
Let j(u) = -674*u + 2662. Let m be j(-22). Calculate the greatest common divisor of m and 30.
30
Suppose 5*y = 5*o - 6*o + 426, 2*o + 338 = 4*y. Suppose -2*j = -67 - y. Calculate the highest common factor of 19 and j.
19
Let d be 6*(-4)/16*(-30)/9. Suppose 0 = 2*y + 5*o - 47, -d*y = -2*o - 3*o - 30. Suppose 95 = 16*a - y*a. Calculate the highest common factor of 76 and a.
19
Let m = 6 + -3. Suppose -y = 5*n - 103 + 8, 0 = -4*n + 4. Suppose 6*b = -m*b + y. What is the highest common divisor of b and 70?
10
Let q(u) = 6*u**2 + 176*u + 174*u + 2*u**2 - 346*u + 81 - 5*u**2. Let a be q(13). Calculate the highest common factor of a and 40.
40
Let m(c) = -c**3 + 12*c**2 - 1300*c + 10372. Let s be m(8). Let h = -39 - -75. Calculate the greatest common factor of s and h.
12
Let b(g) = g**2 + 15*g + 47. Let a be b(-11). Let w be (a - 118/(-4))/((-8)/(-16)). What is the highest common factor of w and 91?
13
Let c = -8348 - -11888. Calculate the highest common factor of c and 1888.
236
Suppose 2*g - 32*g - 3300 = 0. Let l = 178 - g. What is the greatest common divisor of 64 and l?
32
Let l be -3*2 + (-374)/(-85)*5. Let u be (-19 + 14)*32/(-10). Calculate the highest common factor of u and l.
16
Let m(n) = -4*n + 140. Let r be m(-30). Suppose -3*k - 5*x = -169, 5*k + 5*x - r = x. What is the highest common factor of 304 and k?
16
Suppose -p - 15 = 83. Let q be p/((-7)/(-14)*-1). Calculate the highest common factor of q and 112.
28
Let z = -9 - 5. Let s = z + 2. Let a = s - -25. Calculate the greatest common factor of 52 and a.
13
Let m be 2*37/(-2) - -2. Let u = m - -67. Suppose -u*b + 60 = -29*b. Calculate the highest common factor of b and 10.
10
Let w = 4266 + -4247. What is the greatest common divisor of 1577 and w?
19
Let d be 4/(-42) + 36114425/9597. What is the greatest common divisor of d and 994?
71
Let a be (-14845)/(-30) + -9 + 2/12. What is the highest common divisor of a and 144?
18
Let d = -12347 - -26816. Calculate the greatest common divisor of 318 and d.
159
Let n = -86294 + 86352. Let u be (2*-29)/(2/(-3)). What is the greatest common factor of u and n?
29
Let t be (-93)/62*(-28)/3. Suppose t*z - z - 26 = 0. Calculate the highest common divisor of z and 16.
2
Let u(i) = i + 1. Let n be u(4). Suppose -3*h - 18*w = -20*w - 498, h - 5*w = 205. What is the greatest common divisor of h and n?
5
Suppose -c + 93 = 2*c. Suppose -34*x = -5*d - 36*x + 11, 2*d + 2*x - 8 = 0. What is the highest common divisor of c and d?
1
Let h be 9/2 - ((-44)/8 - -6). Suppose 0 = 3*v + 26*z - 28*z - 376, 2*v + h*z = 224. Calculate the greatest common factor of v and 2.
2
Let b be 12/(-1)*(-3)/24*88. What is the greatest common divisor of b and 5874?
66
Let k be ((-3)/2 + 2)*44. Let r be (1 - (0 + 105))*-2. Suppose 3*g + 2*f = r, 170 = -4*g - 4*f + 454. Calculate the highest common divisor of g and k.
22
Let l(q) = 73*q**2 - 127*q + 849. Let v be l(7). Calculate the highest common divisor of v and 655.
131
Suppose -6*s + 552 = -150. Suppose -50 + 5 = -5*l. Calculate the greatest common divisor of s and l.
9
Suppose -16*c + 17*c - 15 = 0. Suppose -44 = 7*d - 289. Calculate the greatest common factor of c and d.
5
Let q(o) = -o**2 + 45*o + 36. Let l be q(36). Suppose 27*d = 19*d + l. What is the greatest common divisor of 10 and d?
5
Suppose g + 2*g + 2*u = 17, g = 3*u + 24. Let f be 0/1*2/2. Suppose 7*a - 3*a - 324 = f. What is the greatest common factor of g and a?
9
Suppose -7*l - 306 = -9*l. Suppose -49 = -q + 3*v - 11, -3*q + l = 4*v. Suppose -q = -2*s - 7. What is the greatest common divisor of 80 and s?
20
Let n = 630 - 376. Suppose 13*f - n = -85. What is the greatest common factor of 91 and f?
13
Suppose 0 = -167*h + 121 + 1549. Calculate the highest common divisor of h and 3490.
10
Let z be 0 - 4774/21*-3. What is the greatest common factor of 154 and z?
22
Suppose 7*f - 159 = 102 + 82. Calculate the highest common divisor of 21 and f.
7
Let t(q) = -33*q**2 - 31*q**2 + 9*q + 47 + 98*q**2 - 32*q**2. Let i be t(-6). What is the highest common factor of i and 5?
5
Let z be 99918/420 + (-3 - (-124)/40). What is the highest common divisor of z and 98?
14
Let u be 3*(21/9 + -2). Suppose 15 = -3*a, -y + 2*a + 50 + 27 = 0. What is the highest common divisor of u and y?
1
Let x = -82 - -117. Suppose -x = -6*a + 1. Suppose 2*q + q = 72. What is the highest common divisor of a and q?
6
Let t(p) = p**3 - 4*p**2 + 2*p - 5. Let g be t(4). Suppose g*u + 3*u = 2628. Suppose -24 = -7*r + u. What is the highest common factor of r and 6?
6
Let w be 314 - (980/10)/7. Calculate the highest common divisor of 240 and w.
60
Let x = -3046 + 9976. What is the highest common divisor of x and 21?
21
Let m be 45/10*(-14)/147 + (-3978)/(-21). Calculate the highest common divisor of m and 1215.
27
Let g be 66150/525 + 3*9. Suppose -l + 86 = -4*z, 4*z - 98 = -l + 20. Calculate the highest common divisor of g and l.
51
Let o(d) = -5*d**2 - d + 1. Let u be o(-4). Let i = u - -90. Let g = -4 + i. Calculate the greatest common divisor of 253 and g.
11
Let f be (-2)/4 + (-130)/(-4). Let m = 325 - 311. Let t be ((-203)/(-49) + -3)*m. What is the highest common factor of f and t?
16
Let d = -4052 + 27774. Calculate the greatest common divisor of 58 and d.
58
Let x be (-1120)/30*((-18)/(-8) - 0). Let n be (-10)/(-7)*x/(-30). Calculate the highest common divisor of n and 436.
4
Let k be -1 + -24*1/(-3). Let a(f) = 12*f - 79. Let i be a(k). Calculate the highest common factor of 545 and i.
5
Let l = -2474 - -2483. Let n be 472 + 28/4 + -2. Calculate the greatest common divisor of n and l.
9
Suppose 10*c - 